 + 14758. What is the ten thousands digit of d?
4
Suppose 4*f = g + 261, -4*f - 2*g + 231 = 3*g. Let x = 119 + -15. Let c = x - f. What is the units digit of c?
0
Suppose -21*b = -19*b + 5*h - 6404, -2*h + 6404 = 2*b. What is the tens digit of b?
0
What is the units digit of (-65508)/(-12) + -3 + 5?
1
Suppose -3*r - 49*r = 38*r - 207180. What is the units digit of r?
2
Let j(o) = -17136*o - 448. Let b(z) = 115*z + 3. Let n(y) = 448*b(y) + 3*j(y). Let a be n(5). Suppose s = -4*s + a. What is the hundreds digit of s?
1
Suppose -5*t = 2*m - 266724, 0 = -2*t - 2*m + 144047 - 37355. What is the tens digit of t?
4
Suppose -4*p + 14380 = 296. Suppose 89*y - p = 82*y. What is the units digit of y?
3
What is the thousands digit of 2430 - (1 - -6)*-1?
2
Suppose -5*x + 20 = 0, -4*j + 8*j + 268 = 4*x. Let y(h) = -184*h - 1350. Let i be y(-8). Let o = i + j. What is the units digit of o?
9
Suppose y - 5*u = -u - 48, 0 = -y + 2*u - 54. Let r be y/30 + (-3)/((-3)/170). Let j = -98 + r. What is the tens digit of j?
7
Suppose 61*b - 558 = 55*b. Let g = 91 + b. What is the tens digit of g?
8
Let u(t) = -2*t**3 - 45*t**2 - 49*t - 62. What is the ten thousands digit of u(-30)?
1
Let r(g) = -8*g + 8. Let l be r(0). Suppose l*o - 8740 = -15*o. What is the tens digit of o?
8
Suppose 20457 = 10*q + 4267. What is the tens digit of q?
1
What is the ten thousands digit of ((-377522)/(-87))/((-3)/(-9))?
1
Suppose -3*y - 3*t + 7257 = 0, 3*t - 4024 = -2*y + 811. What is the tens digit of y?
2
What is the hundreds digit of 391800/104 + 12/(-39)?
7
Let d(b) = -5*b**2 + 20*b + 33. Let j(k) = -k**2 - k + 1. Let t(i) = -d(i) + 6*j(i). Suppose 42 = -6*p + 4*p. What is the tens digit of t(p)?
7
Suppose -11 + 8 = 3*m. Let h(y) = -129*y**3 + 4*y**2 + 3*y. What is the hundreds digit of h(m)?
1
What is the units digit of 746720/110 + 8/(-22)?
8
Suppose -2*v + 3*i + 32 = 6*i, -5*v = -2*i - 80. Suppose -19*q + v = -15*q. What is the hundreds digit of (27/q - 0)*240/9?
1
Suppose 5*k = t - 45767, 28*k - 91521 = -2*t + 25*k. What is the units digit of t?
2
Let a(i) = -2*i**2 - 12. Let x be a(-3). Let c = x - -32. Suppose 3*d + 4*h - 527 = c*h, 6 = -3*h. What is the hundreds digit of d?
1
Let z(s) = 2*s**3 + 5*s**2 + s - 18. Let i(n) = -n**3 + n**2 + n + 1. Let d(r) = -3*i(r) - z(r). Let g = 16 - 7. What is the tens digit of d(g)?
6
Let t = 30334 - 14542. What is the ten thousands digit of t?
1
Let l(n) be the second derivative of n**5/20 + 4*n**4/3 + 5*n**3/3 + 29*n**2/2 - 21*n - 3. What is the tens digit of l(-13)?
0
Let z(i) = -i**3 - 11*i**2 + 26*i + 18. What is the tens digit of z(-18)?
1
Let k = 223 - 366. Suppose -490 - 402 = -4*j. Let b = j + k. What is the units digit of b?
0
Suppose -13*f + 27335 = -8*f + 3*u, 3*u = 4*f - 21868. What is the hundreds digit of f?
4
What is the ten thousands digit of (-264 + 2)/(3/5)*(-783)/15?
2
Let x(j) be the first derivative of j**4/4 - 4*j**3 + 17*j**2/2 - 11*j + 10. What is the units digit of x(12)?
3
Let f(z) = 9*z - 83. Suppose 0*p + 72 = 2*p. What is the tens digit of f(p)?
4
Let r(u) = -u**2 + 17*u + 25. Let s be (-6)/15*-5*9. Let q be r(s). Suppose 0*p + 1099 = q*p. What is the tens digit of p?
5
Suppose 158*d = 33*d + 354500. What is the units digit of d?
6
Suppose -5*m + 23 = -4*j + 47, -3*j = -4*m - 19. What is the hundreds digit of 36*((-25)/m + 1)?
2
Let y(b) = -4*b**2 - 3*b + b**3 + 2*b**3 + 5*b + 3. Let f(d) = d**2 - 7. Let v be f(-3). What is the tens digit of y(v)?
1
Suppose 159 = 6*x + 429. What is the units digit of 0 - 10*(x/10 + 4)?
5
What is the thousands digit of 2 - (2 - (-1 - (-7611 + (-12)/(-2))))?
7
Let j = 2818 + -2491. Suppose -7 = -3*y + 2*y. Suppose y*p - 1965 = -j. What is the tens digit of p?
3
Let t = -47 - -45. What is the units digit of 3*t/(-18) - 160/(-15)?
1
Suppose 1996*m = 1995*m + 8833. What is the units digit of m?
3
Let s(j) = 9*j**2 - 4*j + 2. Let y(l) = -l**2 - 1. Let d = -39 - -40. Let p(q) = d*s(q) + 5*y(q). What is the units digit of p(5)?
7
Suppose -64*v + 204*v = 4054260. What is the tens digit of v?
5
Suppose -5*j = 0, 3*m = -16*j + 17*j - 18. Let u(p) = -4*p**3 - 8*p**2 - 39*p - 4. What is the tens digit of u(m)?
0
Let d(q) = -2005*q - 43. What is the units digit of d(-5)?
2
Let v = -654 - -15551. What is the tens digit of v?
9
Let b(a) = 9*a**2 - 17*a + 28. Let w be b(9). Let u = -212 + w. What is the units digit of u?
2
Let r(u) = u - 4. Let m be r(8). Suppose 898 - 3463 = -5*i - y, i = m*y + 534. Let c = -328 + i. What is the hundreds digit of c?
1
Let m(k) = -k**2 - 263*k + 51. What is the units digit of m(-26)?
3
Suppose 0 = 4*p + 48 - 64. Suppose 3*q + 1571 = p*r, q - 1182 = -3*r + 2*q. What is the tens digit of r?
9
What is the hundreds digit of 1*(8498 - (-12 + 9))?
5
Suppose 8*z = 1071 - 7. Let o = 34 + z. Suppose q - 120 = 2*c, c = 5*q - o - 442. What is the hundreds digit of q?
1
What is the units digit of ((544/85)/(-32))/(2/(-46910))?
1
Suppose 0 = -8*c + 4*c + 4*f + 600, -2*c + 4*f + 300 = 0. Suppose -4*o + 514 - c = 0. What is the units digit of o?
1
Let i(z) = -340*z - 342. What is the thousands digit of i(-17)?
5
What is the hundreds digit of ((20/(-1))/(-26 - -33))/(36/(-272286))?
6
What is the units digit of (-12)/(-864)*-9 - 200034/(-16)?
2
Suppose 0 = -i - 7*i. Suppose i = 2*u - 5*u + 1293. What is the units digit of u?
1
Let u be (29 + (-2 - -2))/(4/(-1456)). Let s be 1/((14/u)/((-1)/(-2))). Let x = s + 654. What is the tens digit of x?
7
Suppose 4*q = 3*z - 56, -z - z + 34 = -q. Let j be z/(-10)*((-356)/8 + 2). Let o = 210 - j. What is the hundreds digit of o?
1
Let q = 147 - 5. Let m = q - 270. Let v = m - -374. What is the tens digit of v?
4
What is the thousands digit of 238/10 + -24 + -1 + 164116/5?
2
Let a(d) = -665*d + 80. Let n be a(-6). Suppose -4*y + n = 2*j + 686, -4236 = -5*y - j. What is the hundreds digit of y?
8
Suppose 0 = -4*k + m - 1, k + 8 = 2*m + 6. Suppose k = -4*u - 2*f + 2524, -2*f = 2*u + 3*f - 1246. What is the units digit of u?
3
Suppose 3*m - 163028 = -264*d + 260*d, 0 = -5*m + 5*d + 271620. What is the ten thousands digit of m?
5
Let a(d) = d**3 + 32*d**2 - 56*d - 47. Let f = 264 + -297. What is the tens digit of a(f)?
1
What is the units digit of ((-46)/69)/(14/(-704508))?
8
Let s(u) = -52*u**3 - 4*u**2 + 15*u + 4. Let n be s(3). Let r = -676 - n. Let v = r + -463. What is the hundreds digit of v?
2
Let p = 64 - 49. Suppose -2*s + 132 = -5*n, s + p - 81 = -n. Let f = 149 - s. What is the units digit of f?
3
Let d(v) = -9311*v**3 - 10*v**2 - 25*v - 2. What is the units digit of d(-2)?
6
Let b = 65812 + -22364. What is the hundreds digit of b?
4
Let v(z) = -z**3 + 45*z**2 + 29*z + 96. Let u be v(45). Suppose 2*m - u = -711. What is the hundreds digit of m?
3
Let g be 1/(140/(-105)*(-1)/4). Suppose -o + 4*u = -574, -3*u = g - 12. What is the units digit of o?
6
Let j(w) be the third derivative of w**5/60 - 5*w**4/6 - 19*w**3/3 - 16*w**2. Let m be j(22). Suppose -6*c - m = -24. What is the units digit of c?
3
Let z(x) = 8*x**2 - 18*x + 14. Let c be z(4). Suppose 359 + c = i. What is the units digit of i?
9
Let a be (-29)/(3*(-3)/27). Let n = a - 82. What is the units digit of (n/3 - -1)/(7/231)?
8
Let z(r) = 41*r**3 - r**2 - 2*r + 1. Let i be z(2). Suppose 0 = -y + 34 + i. What is the tens digit of y?
5
Let b(n) = -n**2 + 13*n - 2. Let s be b(12). Suppose 5*r = s + 15. What is the hundreds digit of 4*7/(-70) + 677/r?
1
Let u be 7/(21/(-12)) - -36. Suppose 12 - u = 10*l. What is the tens digit of (4/l)/((-4)/56)?
2
Let u(d) = 56*d**2 + 55*d - 14. What is the hundreds digit of u(2)?
3
Let i be (-12)/(-21)*(-11 + 25). Let s = -1 - -15. Suppose s = 2*l - i. What is the tens digit of l?
1
Let m = -1683 + 2612. Suppose 0 = 7*n - 3379 + m. What is the hundreds digit of n?
3
Suppose 4*f - 39065 = -y, f - 2*y + 632 - 10414 = 0. What is the hundreds digit of f?
7
Let r(l) = -279*l + 6479. What is the hundreds digit of r(-72)?
5
Let c(x) = -9*x**3 - x**2 - 10*x - 2. Let r be c(5). Let v = -631 - r. What is the tens digit of v?
7
Let z = -602 - -1543. Suppose -z = -5*o + 4*r, 0*r = -4*o - 2*r + 732. Suppose -j = -o - 39. What is the hundreds digit of j?
2
Suppose 4*s + 139515 + 49256 = 15*s. What is the thousands digit of s?
7
Suppose -56*x = 1137596 + 63